 remainder when l(-39) is divided by 57?
55
Calculate the remainder when 52 is divided by (123/3 + -29 + 24)*2/4.
16
Let q = 2022 + -1989. What is the remainder when 100 is divided by q?
1
Let t = 886 + -413. Suppose 11*p - 55 - t = 0. What is the remainder when p is divided by 5?
3
Let d(u) = -u**2 + 10*u - 7. Let p be d(9). Suppose 3*n + 23 = b, -4*n = -0*b + p*b - 16. Calculate the remainder when 40 is divided by b.
12
Let o(a) = -23*a**3 - 4*a**2 - 7*a - 8. Calculate the remainder when o(-2) is divided by 29.
0
Suppose -3*n + n + 8 = o, -3*o + 16 = 2*n. Suppose -3*u + 74 = -o*p, 2*u + 2 - 42 = 5*p. What is the remainder when 8/(((-40)/(-14))/20) is divided by u?
26
Let v(u) = -9*u**2 - 514*u + 56. Calculate the remainder when 228 is divided by v(-57).
2
Suppose 0*t + 5*t - 33 = 4*r, t = -5*r + 24. Let f(s) = s**2 - 52*s - 892. What is the remainder when f(-14) is divided by t?
5
What is the remainder when 666 is divided by ((-4)/(-10) - 1309/(-140))*24/9?
16
Let r = -573 - -237. Let w = -278 - r. Calculate the remainder when 167 is divided by w.
51
Let j = 12 + -7. Suppose t - j*q = 21, -10 = t + t + 3*q. Suppose -2*k = -2*g + t + 75, -5*g + 183 = 2*k. Calculate the remainder when 71 is divided by g.
34
Let m(t) = -t**2 - t. Let i(k) = 2*k**2 - 18*k - 36. Let u(p) = 2*i(p) + 6*m(p). What is the remainder when 32 is divided by u(-19)?
0
Let q(h) = -3*h**3 - 20*h**2 - 38*h - 516. What is the remainder when q(-15) is divided by 284?
283
Let j be (-22)/(-5) - 22/55. Suppose 2*c + 2 = -6, 0 = j*o + 2*c - 180. Suppose -3*f = f - 32. What is the remainder when o is divided by f?
7
Suppose 629*o = 252*o + 40716. What is the remainder when 2691 is divided by o?
99
Let h(g) = -97 + 7818*g**2 - 7819*g**2 + 39*g - 5. Calculate the remainder when h(20) is divided by 70.
68
Suppose 95169 = 225*x - 1971006. What is the remainder when x is divided by 164?
163
Suppose 4*h - h = 123. Suppose 7927 + 21508 = 145*l. Calculate the remainder when l is divided by h.
39
Let r be 4/(8 + -4) - (-6)/3. Suppose -7*p + 164 = -r*p. Suppose -j = -0*j - p. Calculate the remainder when j is divided by 12.
5
What is the remainder when 63 + 318 - (-4)/(-1) is divided by 6?
5
Suppose -3*z + 223 = 4*s - 256, -s - 4 = 0. Suppose 0 = 4*p - 15*p + z. What is the remainder when 41 is divided by p?
11
Let o(r) = -18*r + 60. Let d(n) = 19*n - 60. Let v(w) = 3*d(w) + 4*o(w). What is the remainder when 73 is divided by v(3)?
13
Suppose 0 = 7*z + 516 - 96. Let t = z + 53. What is the remainder when (-4 - (t - -1))*83/2 is divided by 42?
41
Let t(q) = q**3 + 26*q**2 - 30*q - 78. Let o be t(-27). What is the remainder when (9 + o)*(-391)/(-102) is divided by -1 - (-2 - -3)*-11?
6
Let j(h) = -3*h - 69. Let w(p) = p + 23. Let x(b) = -3*j(b) - 8*w(b). Let u(k) = 9*k - 62. Let s be u(6). What is the remainder when x(s) is divided by 6?
3
Let r = -1959 - -5119. Calculate the remainder when r is divided by 102.
100
Let s(z) = -3*z**3 - 6*z**2 - 3*z - 2. Suppose -3*y = 3*n - 156, -2*n + y + 0*y = -98. Calculate the remainder when s(-4) is divided by n.
6
Calculate the remainder when 222 is divided by 7*13/(-39)*-69 + -3.
64
Let c(z) = -19*z + 32. Let o be c(1). Suppose 1 - o = 3*s, 272 = 3*h - 2*s. Calculate the remainder when h is divided by 10.
8
Suppose -81 = -4*b - k, 4*b - 77 = -9*k + 12*k. Suppose -z + 1896 = 7*z. What is the remainder when z is divided by b?
17
Let k = -12150 + 12237. What is the remainder when 3646 is divided by k?
79
Suppose 198 = 3*p - 66. Calculate the remainder when p is divided by (108/(-8))/(162/(-216)).
16
Let b(z) = -137*z - 1609. What is the remainder when 242 is divided by b(-12)?
32
Let t(x) = x**2 - 12*x + 50. Suppose -3*a = -5*h + h + 25, 3*h - 3*a - 18 = 0. Calculate the remainder when 39 is divided by t(h).
9
Let x(w) = 18*w - 182. Let q be x(10). What is the remainder when 0 + 3 - (-56 - q) is divided by 35?
22
Suppose 2*h - 23 = 23. Let d = -9763 - -9850. What is the remainder when d is divided by h?
18
Suppose -185*c - 992 = -247*c. What is the remainder when 638 is divided by c?
14
Let s be (2 + -21)/((-3)/(-30)). Let g = s - -418. Calculate the remainder when g is divided by 62 - ((-57138)/(-3560) - (-2)/(-40)).
44
Suppose 37*z = 32*z + 1770. Suppose -57 = 9*g - z. Calculate the remainder when 109 is divided by g.
10
Let n(o) be the second derivative of -o**3/2 - 2*o**2 + o - 38. Calculate the remainder when n(-11) is divided by 16.
13
Let u = -1016 - -6610. Let d = -8 - -39. What is the remainder when (204/26 - 8) + u/26 is divided by d?
29
Suppose -d + 4*y + 60 = 0, -y + 206 = d + 2*d. Suppose -4*z = 20, -608 - 67 = -5*m + 5*z. What is the remainder when m is divided by d?
62
Let s be (-2 - -8)*2/4. Suppose -z - 2*w + 3 = 0, z = -4*z - w - s. Calculate the remainder when 47 + (-1 - (0 + z))/3 is divided by 24.
23
Suppose -1095 = -39*g + 5*h, -202*g - 135 = -205*g - 3*h. Let z = 229 + -155. What is the remainder when z is divided by g?
14
Let r be 1*-5 - (-3 + 10). Let d = 25 + r. What is the remainder when 125 is divided by d?
8
Let g(q) = -261*q - 39408. Let t(x) = x**2 + x - 6. Calculate the remainder when t(-6) is divided by g(-151).
0
Let t(y) = 564*y**2 + 159*y - 636. What is the remainder when t(4) is divided by 2256?
0
Suppose 0 = 1039*i - 1061*i + 616. Suppose -o + 0 = -11. Calculate the remainder when i is divided by o.
6
Let o(i) be the second derivative of i**4/12 - 9*i**3/2 - 4*i**2 + 92*i. Calculate the remainder when o(28) is divided by 8.
4
Let v = 4222 - 4156. What is the remainder when 1648 is divided by v?
64
Calculate the remainder when 11466 is divided by ((-63)/9)/28*-124.
27
Suppose 34*t - 4027 = 903. What is the remainder when 721 is divided by t?
141
Let c be ((-400)/6)/(-4)*-18. What is the remainder when 347 is divided by c/9*(-3)/(-12)*-6?
47
Suppose -1489 = -71*d + 73. Calculate the remainder when 55 is divided by d.
11
Let u(t) = -t**3 + 10*t**2 - 15*t + 143. What is the remainder when 617 is divided by u(9)?
83
Calculate the remainder when ((-47655)/(-60)*4)/(-1 - -1 - -1) is divided by 7.
6
Calculate the remainder when (261981/(-626))/((-2)/4) is divided by 71.
56
Suppose 0 = -5*i + 8 + 7, 4*i = n - 174. Let c = 192 - n. What is the remainder when 74 is divided by c?
2
Let r = 28 - -7. Suppose -r = 7*l - 14*l. Let d = 54 - 30. What is the remainder when d is divided by l?
4
Let j = -664 - -956. Suppose 6*b - 158 = j. Suppose 2*y - b - 79 = 0. What is the remainder when y is divided by 10?
7
Calculate the remainder when 4395 + 1/(-10)*0 is divided by 17.
9
Calculate the remainder when 1149 is divided by (-56)/(-98) - (-1010)/70.
9
Suppose g = 112 - 4. Suppose -4*s + g = -s. Suppose -12*r + s = -8*r. Calculate the remainder when 31 is divided by r.
4
Suppose -4*l - 28 = -3*c, 554*c - 72 = 550*c + l. Let u(k) = k**3 - 6*k**2 - 6*k - 1. Calculate the remainder when u(8) is divided by c.
19
Let c = -5 - -14. Suppose -3*p = 3*q - 543, -9*p + 2*q + 1299 + 407 = 0. What is the remainder when p is divided by c?
8
Suppose 5*i = 5*s - 30, -32*s + 3*i - 10 = -33*s. Calculate the remainder when 111 is divided by s.
6
Suppose -40 = 4*b + w + 3, 0 = 5*b + 3*w + 52. Let m(h) = -h**3 - 10*h**2 + 12*h + 20. What is the remainder when 170 is divided by m(b)?
8
Let a(y) = -12*y**2 - 37*y - 82. Let m(z) = -5*z**2 - 19*z - 41. Let k(q) = -2*a(q) + 5*m(q). Calculate the remainder when k(-16) is divided by 28.
11
Suppose -10*a - 1125 = 835. What is the remainder when (-3)/2 + a/(-8) is divided by 5?
3
Let y = -6079 + 6172. What is the remainder when 743 is divided by y?
92
Let m(y) = -2*y**3 + 7*y**2 - 10*y - 1. Let l be m(3). Let v(n) = -n**2 - 31*n - 106. What is the remainder when v(l) is divided by 19?
16
Suppose n = -5*w - 44 - 27, 181 = -3*n + w. Let a = -28 - n. What is the remainder when 226 is divided by a?
28
Let a be 109/7 + (-4)/7. Let k = -3 - -18. What is the remainder when k is divided by (80/(-120))/((-1)/a)?
5
Let k = 205 + -163. Suppose -2*h + a = -k - 129, 395 = 5*h + 4*a. Calculate the remainder when h is divided by 29.
25
Suppose 1840 = -2*t - 2*z, -t + 6*t = 4*z - 4555. Let g = -884 - t. What is the remainder when 1*((-468)/2)/(-2) is divided by g?
24
Suppose -5*k - 20 = -y, 0*y + 7 = -y - 4*k. Let v be (3 + (14 + 